5
Suppose 2*k = 5*b + 21, -12 = 18*b - 14*b. What is the highest common factor of k and 12?
3
Suppose -2*i = -m - 405, -2*i - 5*m + 831 = 2*i. Calculate the highest common factor of 36 and i.
12
Let u(m) = -m**2 - m - 1. Let j be u(0). Let o be (6/(-9))/(j/3). Let x(b) = b**2 - 11*b + 3. Let q be x(11). What is the highest common factor of o and q?
1
Let i be (-1)/((-3)/165) + -1. Let c = i + -37. Calculate the greatest common factor of 119 and c.
17
Let b = -559 - -649. Calculate the greatest common divisor of b and 234.
18
Let o be (6 - (-330)/(-35))*(-182)/4. Let d be 3/1 + o/2. Suppose -5*v = g - 19, -2*g - v - 5 = -25. Calculate the greatest common factor of g and d.
9
Let h(g) = -49*g**2 - 353*g - 14. Let r be h(-7). Calculate the greatest common divisor of r and 24.
8
Let l be 1 + 0 + (9 - 8). Let v(m) = -4*m + 7*m**l + 7 - m**3 - 9 - 2. Let d be v(5). What is the greatest common factor of 13 and d?
13
Let p be (-1)/3 + (-13)/(-3). Suppose 4*k - 24 = -8. Suppose 9 + 10 = -d - 5*v, -20 = -k*d + 4*v. What is the highest common divisor of d and p?
1
Let b(r) = 38*r + 5*r**2 - 4*r**2 + 33*r - 52*r - 10. Let m be b(-20). What is the greatest common factor of 110 and m?
10
Let f = -1980 - -1988. Calculate the highest common divisor of f and 1072.
8
Let r = 33 + -63. Let m = r + 62. Let u = -270 + 286. What is the highest common divisor of u and m?
16
Suppose 0 = 3*l - 116 + 2. What is the highest common divisor of 646 and l?
38
Let f be 0 - (-8)/(-4)*-12. Let h = f + -21. Calculate the greatest common factor of 3 and h.
3
Let r be (-2 - 1)*-17*(-96)/(-72). Calculate the greatest common factor of r and 4.
4
Let d be (-21)/9 - 1/(-3). Let t be (3/(-9))/(d/(-30)). Let a be (-141)/(-15) - (-2)/t. What is the greatest common divisor of a and 45?
9
Suppose 0 = -3*q - 68 + 173. Calculate the highest common divisor of 2590 and q.
35
Suppose 5*m + 4*w = -0*m + 1121, -4*w - 868 = -4*m. What is the highest common divisor of m and 17?
17
Suppose 0 = -3*i + z + 37, 0 = -5*i + 20*z - 23*z + 43. What is the greatest common divisor of 2519 and i?
11
Let x = -84 - -406. Let u be 0 + 4 + 10 + x. Let n be (14/(-4))/((-8)/u). Calculate the greatest common divisor of 21 and n.
21
Let w = 23 + -11. Let q be (45/(-12))/(w/32)*-2. What is the highest common factor of 10 and q?
10
Let m = 17 + -12. Suppose 0 = -m*f + f + 1508. Suppose 0 = -5*c + 23 + f. What is the greatest common divisor of c and 16?
16
Suppose -4*r + 13 + 11 = -5*f, 3*r = -f - 1. Let g be r + -3 - (-1 + 0 + -10). What is the greatest common factor of g and 72?
9
Let n = -118 + 154. Calculate the highest common divisor of 396 and n.
36
Let q be 0 + 5724/135*5/2. What is the highest common divisor of 2 and q?
2
Let f = -2358 + 2381. Let g be (-69)/(-2)*28/6. What is the highest common divisor of f and g?
23
Let f = 1432 + -2452. Suppose 2*t = -c + 8, -5*c + 3*t = -0*t - 1. Let n be f/(-130) + c/13. Calculate the highest common divisor of n and 1.
1
Suppose -85 = -6*f + 77. Calculate the highest common factor of f and 243.
27
Suppose 0 = -30*c + 27*c + 30. Let o be 1593/18 + 3/2. Calculate the greatest common factor of o and c.
10
Let j(d) = 2*d. Let m be j(-1). Let y be ((1 - 3)*1)/m. What is the highest common factor of y and 7?
1
Let v(p) = 10*p - 18. Let c be v(18). Calculate the highest common divisor of c and 459.
27
Suppose -w + 73 = 3*a - 51, -a + 5*w = -20. What is the greatest common factor of 16 and a?
8
Suppose 100 = -33*q + 31*q. Let m = -49 - q. Calculate the highest common divisor of m and 8.
1
Suppose 4*x - 4*d = 140, -24*x = -25*x - d + 29. Calculate the highest common factor of 56 and x.
8
Suppose 0 = -2*n + 2 + 12. Suppose 0 = -n*f + 8*f + 15. Let t(j) = j + 17. Let a be t(f). Calculate the greatest common divisor of 16 and a.
2
Suppose 3*r - 21 = 213. Suppose 3*z - 35 = u, -4*z + 5*u + 50 = 3*u. Let v = z + r. Calculate the greatest common divisor of 8 and v.
8
Suppose 4*p + 3 = 35. Suppose 3*k + p = 5*k, 0 = -5*s - 5*k + 20. Suppose -5*n = w + 2*w - 6, 2*w + 6 = s. What is the highest common divisor of n and 1?
1
Let u(o) = 2*o + 6 - 1 - o - 2. Let z be u(3). Suppose z*n = 2*l + 4*n - 158, -n = 4*l - 326. What is the highest common factor of l and 27?
27
Suppose -r + 45 = -54. Let u(j) = -7*j**2 + 35*j + 11. Let n be u(5). Calculate the highest common factor of r and n.
11
Let v = -28 - -44. Let j be ((-66)/24)/(-11) + 764/16. Calculate the greatest common factor of v and j.
16
Let t(l) = -86*l + 49. Let n be t(-8). Calculate the greatest common factor of 67 and n.
67
Let k = 502 - 462. Calculate the highest common divisor of k and 140.
20
Let n be 3 + (0 - 3) + 3. Suppose -3 = -n*y - 0. Suppose t + y = 0, g = -3*g + t + 73. Calculate the greatest common factor of g and 2.
2
Let g be (2/(-4))/(7/(-966)). Suppose 6*z + g = 3*z. Let h be (-2 - z) + (-4 - -1). What is the highest common divisor of h and 45?
9
Let v be (-634)/(-11) + (-12)/(-33). Calculate the highest common divisor of v and 319.
29
Suppose -a = -6 + 344. Let p be 3/(1 + a/344). Suppose -n - n + 5*z + p = 0, 5*n = 5*z + 415. What is the highest common factor of 9 and n?
9
Let z be 50/14 - (-20)/(-35). Suppose -3*q - 18 = 2*t - 2*q, -z*q - 12 = 0. Let h be t*(2 + (-132)/21). What is the greatest common divisor of 30 and h?
30
Let a be ((-60)/(-25))/((-6)/(-20)). Suppose k - 39 = 5*u, 36 = -61*k + 63*k + 4*u. Calculate the greatest common divisor of k and a.
8
Let b be (-2)/(-10) - 596/(-20). Let w = b + -14. Calculate the greatest common factor of w and 80.
16
Suppose 3*a + a = 4. Let l(f) = 13*f**3 - 2*f**2 + 3*f - 1. Let t be l(a). What is the highest common divisor of t and 117?
13
Let v = -137 - -241. What is the greatest common factor of 32 and v?
8
Let i(n) = 17*n - 50. Let l be i(-7). Let z = -139 - l. Calculate the highest common factor of 10 and z.
10
Let a(n) = 3875*n**2 - 65*n + 64. Let v be a(1). What is the highest common divisor of 26 and v?
26
Let n be 10 - -5*(-3)/3. What is the greatest common factor of 25 and n?
5
Suppose 4*b + 3*y - 19 = 36, -3*b - 4*y + 36 = 0. Suppose -4*g = l, 4*l - g - 72 + 4 = 0. Calculate the greatest common divisor of b and l.
16
Let z be (7/14)/((-2)/(-272)). Suppose 4*g = -0*g + z. What is the greatest common divisor of 17 and g?
17
Suppose 29808 = 1897*n - 1713*n. Suppose 31 = 3*v - 23. Calculate the greatest common factor of n and v.
18
Let l(h) = 5*h**3 + 5*h - 4. Let t be l(4). Calculate the greatest common factor of t and 42.
42
Let t(u) = -3*u + 30. Suppose -9*r - 4*r + 52 = 0. Let n be t(r). Calculate the greatest common divisor of 9 and n.
9
Let x be ((-1)/(-2))/(2/12). Let o be (0 + (-1)/x)*-9. Suppose o*d - 62 = -a, -3*d + 42 = 4*a - 26. Calculate the highest common factor of d and 10.
10
Let x(g) = 15*g**2 - 8*g + 9. Let t be x(2). What is the greatest common divisor of 1060 and t?
53
Suppose -g = 27 - 29. Suppose -4*d + 35 = d + g*r, -4*d - 2*r = -30. Calculate the highest common factor of d and 55.
5
Let v(y) = -y**2 + 19*y + 141. Let c be v(22). What is the greatest common divisor of c and 25?
25
Let t = -857 - -860. What is the greatest common factor of 15 and t?
3
Let q be (-14)/(70/15) - -499. Calculate the greatest common divisor of q and 48.
16
Let h be 8/14 + (5705/49 - -2). Let n = -53 + 87. Calculate the highest common divisor of h and n.
17
Suppose 5 = 3*y - 4*y, 2*p + 4 = -2*y. Suppose 0 = -7*q + p*q + 48. What is the greatest common divisor of 18 and q?
6
Suppose -4*h = -5*v - 14493, -7*v + 2*v + 14523 = 4*h. Calculate the highest common factor of h and 117.
117
Let u = -92 - -115. What is the greatest common divisor of 115 and u?
23
Let a(w) = -w**3 - 27*w**2 - 55*w - 23. Let k be a(-25). What is the highest common divisor of 357 and k?
51
Let s = 53 - -15. Let m = -122 + s. Let w be m/(-6) + 2 + -3. What is the highest common factor of w and 12?
4
Suppose -3*r - 369 = 3*j - 981, -2*j - 4*r = -400. What is the highest common factor of j and 32?
16
Suppose 9 = -3*v + 24. Suppose -5*k - 3*g = -22, -4*k = v*g - 10*g + 12. What is the greatest common divisor of k and 2?
2
Let q be (((-28)/(-6))/1)/((-241)/(-33258)). What is the greatest common divisor of q and 23?
23
Let s(h) = -h**2 + 42*h - 36. Let w be s(41). Calculate the highest common divisor